f i and 6.
6
Suppose 550 = -6*j + 16*j. Suppose 0 = -2*o - 3 + 13. Calculate the greatest common divisor of o and j.
5
Let k = 211 + -121. What is the greatest common factor of 20 and k?
10
Suppose -22*w - 344 = -1136. Calculate the greatest common factor of 171 and w.
9
Let x = -47 - -54. Suppose -x*z = -4*z - 57. What is the highest common factor of 133 and z?
19
Suppose 7*g + 468 = -6*g. Let i = g + 41. What is the highest common factor of 25 and i?
5
Let v(q) be the first derivative of 19*q**3/3 + 3*q**2/2 + 5*q + 36. Let n be v(-2). Calculate the highest common divisor of n and 30.
15
Let s(t) = t**3 + 13*t**2 - 17*t - 31. Let p be s(-14). What is the highest common factor of p and 1969?
11
Let g(u) = u**3 + 12*u**2 + 10*u + 7. Let x be -4 + (-3 - 4)*1. Let n be g(x). Calculate the highest common divisor of 54 and n.
18
Let l(v) = -v**3 + 6*v**2 + 2*v - 8. Let m be l(6). Suppose 3*p = m*o + 63, -4*p + 88 = -3*o - o. Calculate the highest common factor of p and 125.
25
Suppose 7*w = 3*w + 12. Suppose -33 = -w*q + 342. What is the highest common divisor of q and 50?
25
Let o be (-27)/(-5) + (-21)/(-35). Let z = o - 3. Let h(s) = s**3 + s**2 - 2*s - 6. Let n be h(3). What is the highest common factor of z and n?
3
Suppose 63*k - 20*k = 45838. What is the highest common divisor of k and 82?
82
Let a be 16/(-6)*(5 + 301/(-14)). Suppose -5*m - b = -15, m + 2*b + 0 = -6. Suppose -m = 2*q - a. What is the greatest common divisor of 30 and q?
10
Suppose 5*z + 9*m = 6*m + 188, 2*z = -m + 75. What is the highest common divisor of z and 481?
37
Let o(f) = 119*f + 325. Let b be o(4). Calculate the highest common divisor of 27 and b.
9
Let i(z) = -z + 83. Let a be i(-7). Let b = 124 + 101. Calculate the highest common factor of a and b.
45
Suppose 7*l = 20*l - 624. Calculate the greatest common factor of l and 624.
48
Let q = -82 - -98. What is the highest common divisor of q and 80?
16
Suppose 4*k + 11*x - 400 = 6*x, 0 = -5*x - 20. What is the highest common divisor of 175 and k?
35
Let u(l) = l**2 - 8*l - 18. Let f be u(13). Let y = -39 + f. Suppose -5*c + 2*c + 72 = 0. What is the highest common divisor of y and c?
8
Suppose -139 = -2*n + 213. Calculate the highest common divisor of 11 and n.
11
Let p = 155 + -56. What is the highest common divisor of p and 36?
9
Let s be (-1363)/(-8) - (-87)/(-232). What is the highest common divisor of s and 30?
10
Suppose -7*v + 21 = -161. Calculate the highest common divisor of 221 and v.
13
Suppose 21 = 6*b - 3. Let f = -3 - -5. Suppose 5*u + 2*k - 9 + 0 = 0, 0 = -4*u + f*k. Calculate the greatest common divisor of b and u.
1
Let y = -28 - -27. Let r = 31 - y. Let h(f) = f**2 - 7*f + 4. Let t be h(7). Calculate the highest common divisor of r and t.
4
Suppose 0 = 4*y - 3*u - u - 232, -6*y = -u - 328. Calculate the highest common divisor of 54 and y.
54
Suppose 2*s = 95 + 175. Calculate the highest common divisor of s and 30.
15
Let y be 2 + (-6)/4*-2. Suppose y*w = k + 43, -4*w + k = -3*k - 28. Let s(n) = -3*n + 114. Let v be s(35). What is the highest common divisor of v and w?
9
Suppose 2*k + 5 - 1 = 0. Let i be 1/k*-22 - 2. Let r be (-3)/i + (-498)/(-9). What is the highest common factor of r and 5?
5
Let o be (-3141)/6*2/3. Let d = 371 - o. Suppose r = -3*r + d. What is the greatest common divisor of r and 18?
18
Suppose 59*l - 1790 = 3166. What is the greatest common divisor of l and 196?
28
Let s = 88 - 51. Suppose -3*o - s = -x, -3*o + 49 = -5*x + 198. Let k(t) = 9*t + 7. Let z be k(0). What is the greatest common divisor of x and z?
7
Let j = -14 + 19. Let g(k) = 3*k - 13. Let a be g(j). Calculate the greatest common divisor of a and 8.
2
Suppose -1159 = -18*n + 281. What is the greatest common divisor of n and 60?
20
Let v be 12/(-27) + (-938)/(-126). Let z = -3 - -13. Let r = v + z. Calculate the greatest common divisor of 153 and r.
17
Let a(m) = -m**3 - 7*m**2 + 7*m - 6. Let n be a(-8). Suppose 5*g + 5*q - 2 = 8, -10 = -3*g - 2*q. Let p = 16 - g. What is the highest common divisor of p and n?
2
Let i = -12 + 44. Suppose -18*q - 40 = -23*q. What is the greatest common divisor of i and q?
8
Suppose 0 = -g - 5*o + 12, 11 - 1 = g + 4*o. Let u be 3/(2/(4/3)). Suppose -g - u = -f. What is the highest common divisor of f and 28?
4
Suppose 0 = -b - 414 + 596. Calculate the greatest common factor of 98 and b.
14
Let s(t) = t - 5. Let n be s(-9). Let d(y) = y**3 + 14*y**2 - y - 11. Let r be d(n). Calculate the greatest common factor of r and 3.
3
Suppose 31*d - 29*d = 12. What is the highest common divisor of 228 and d?
6
Suppose 3*s - 5*d + 3*d = 57, 0 = 3*d. What is the highest common factor of 361 and s?
19
Let s(i) = -i**2 - 9*i - 2. Let v be s(-8). Let w(g) = -7 + g**3 + g - g**2 - 2*g**2 - 5*g. Let f be w(v). What is the highest common factor of f and 7?
7
Let j be 52/(-130) - (-84)/10. Let p(z) = -z**2 + 10*z + 6. Let b be p(j). What is the greatest common divisor of b and 22?
22
Let n(c) = 5*c**3 + 4*c**2 - 10*c - 19. Let o be n(4). Calculate the greatest common factor of o and 125.
25
Let q be 7/((-14)/20) + (2 - -1). Let s = q + 30. Calculate the highest common factor of s and 253.
23
Let v(k) = -k**2 + 16*k + 44. Let l = -36 - -54. Let n be v(l). What is the highest common divisor of 8 and n?
8
Let m be (-14)/(3 + (-222)/78). Let h = m - -126. Suppose -v - d + 4 = 0, 0*v = 4*v + 2*d - 22. What is the greatest common factor of v and h?
7
Suppose 3*g + g - 48 = -d, d - 69 = 3*g. What is the greatest common factor of d and 48?
12
Suppose 0 = 4*f - 3*i - 31, 0 = 3*f + 2*i - 8 - 28. Suppose -6*z - 13 = -31. Suppose 26 + 4 = z*v. Calculate the greatest common divisor of f and v.
10
Suppose -4*r - 4*o + 28 = 0, 43 = -r + 6*r - 3*o. Suppose -186 = -r*m + 262. What is the greatest common divisor of 7 and m?
7
Suppose 6*d = 20 - 8. Suppose -d*i + 90 = -4*t, -5*i - 110 = -5*t - 325. Let l = i + 36. Calculate the greatest common divisor of l and 11.
11
Let g(l) = -l**2 - 4*l. Let z be g(-3). Suppose 5*b - 5 = -0, -z*b = 4*u - 651. What is the highest common factor of u and 18?
18
Let p = -1902 + 2026. Calculate the highest common divisor of p and 1984.
124
Let b = -376 + 381. Calculate the highest common divisor of 125 and b.
5
Let u = 496 - 484. What is the highest common divisor of u and 36?
12
Suppose -t = 5*n + 15, -27*t + 31*t - 2*n = 28. Let r(s) = -15*s + 10. Let a be r(-7). Calculate the highest common divisor of t and a.
5
Let v be 66 + 1 - (0 - 3). Let t be (35/v)/((-2)/(-64)). Calculate the greatest common divisor of 144 and t.
16
Let r be ((-234)/(-8) - -3) + 2/(-8). Calculate the greatest common factor of 4 and r.
4
Suppose 2*l + 5*s = 19, -13 + 4 = -3*s. Suppose -5*d = c - 37, -d = -6*d + 5*c + 55. Let g be 24 - d/2 - l. Calculate the greatest common factor of 9 and g.
9
Let i = 24 - -26. What is the greatest common factor of i and 125?
25
Let s = 7 - -13. Suppose -2*c - 2 = 0, 4*i + 21*c - 19*c - 878 = 0. What is the greatest common divisor of s and i?
20
Suppose -18*c + 26 = -16*c + 2*w, -5 = -w. Calculate the greatest common factor of c and 512.
8
Let g(x) = 6*x**2 - 7*x + 7. Let a be g(5). Suppose -10*p - 42 + a = 0. Calculate the highest common factor of 56 and p.
8
Let p(v) = v**2 + 7*v - 16. Let a be p(-11). Let i be ((-47)/(-2))/(2/(-4)). Let m = 9 - i. Calculate the greatest common factor of m and a.
28
Let n = 3 + 5. Suppose 4*x + 383 = -3*q, -5*x + 3*q = -0*q + 472. Let z = x + 103. What is the greatest common factor of z and n?
8
Let z(y) = y**2 - 8*y - 3. Let j be z(11). Let m be (-3 - j/(-5))*3. What is the greatest common factor of m and 3?
3
Let z = 36 - 33. Suppose h = z*h - 40. What is the greatest common factor of h and 30?
10
Let z = 29 - 27. Suppose 0*s = -z*s + 14. Suppose 28 = y + 3*y. What is the greatest common divisor of s and y?
7
Suppose -836*y = -829*y - 651. What is the highest common divisor of 527 and y?
31
Let f(i) = -i**3 + 13*i**2 + 12*i + 30. Let l be f(14). Suppose l*n - 14 = 16. Calculate the greatest common factor of 3 and n.
3
Let m be (1/(-1))/(1/(-12)). Suppose -2*k - 2*q + 4 = 0, -4*q = -5*k - q + 42. Calculate the highest common divisor of m and k.
6
Suppose 13*j - 285 = -2*j - 0*j. Let h(n) = n - 1. Let p be h(1). Suppose p = -0*a + 2*a - 266. Wha